{"id":2548,"date":"2016-03-14T12:13:59","date_gmt":"2016-03-14T12:13:59","guid":{"rendered":"http:\/\/ebader.com\/fr\/legal-advice\/"},"modified":"2024-02-15T11:29:07","modified_gmt":"2024-02-15T10:29:07","slug":"avis-juridique","status":"publish","type":"page","link":"https:\/\/ebader.com\/fr\/avis-juridique\/","title":{"rendered":"AVIS JURIDIQUE"},"content":{"rendered":"<div class=\"fusion-fullwidth fullwidth-box fusion-builder-row-1 nonhundred-percent-fullwidth non-hundred-percent-height-scrolling\" style=\"--awb-background-position:left top;--awb-border-sizes-top:0px;--awb-border-sizes-bottom:0px;--awb-border-sizes-left:0px;--awb-border-sizes-right:0px;--awb-border-radius-top-left:0px;--awb-border-radius-top-right:0px;--awb-border-radius-bottom-right:0px;--awb-border-radius-bottom-left:0px;--awb-padding-top:20px;--awb-padding-bottom:20px;--awb-flex-wrap:wrap;\" ><div class=\"fusion-builder-row fusion-row\"><div class=\"fusion-layout-column fusion_builder_column fusion-builder-column-0 fusion_builder_column_1_1 1_1 fusion-one-full fusion-column-first fusion-column-last fusion-column-no-min-height\" style=\"--awb-bg-size:cover;--awb-margin-bottom:0px;\"><div class=\"fusion-column-wrapper fusion-flex-column-wrapper-legacy\"><div class=\"fusion-title title fusion-title-1 sep-underline sep-solid fusion-title-text fusion-title-size-one\"><h1 class=\"fusion-title-heading title-heading-left fusion-responsive-typography-calculated\" style=\"margin:0;--fontSize:24;line-height:1.17;\">AVIS JURIDIQUE<\/h1><\/div><div class=\"fusion-text fusion-text-1\" style=\"--awb-text-transform:none;\"><p><span style=\"text-decoration: underline;\"><strong>objet social EBADER WE TRANSFORM THE WOOD, SL<\/strong><\/span><\/p>\n<p>EBADER \u00a0WE TRANSFORM THE WOOD , S.L. est une organisation dont le but est la fabrication, l&rsquo;assemblage et l&rsquo;installation de mobilier.<\/p>\n<p><strong><u>Identification<\/u><\/strong><\/p>\n<p>En conformit\u00e9 avec les obligations de d\u00e9claration pr\u00e9vues \u00e0 l&rsquo;article 10 de la loi 34\/2002 du 11 Juillet, la Soci\u00e9t\u00e9 des services d&rsquo;information et le commerce \u00e9l\u00e9ctronique, les donn\u00e9es d\u00e9crites ici correspondent au titulaire de cette entit\u00e9 Web.<\/p>\n<ul>\n<li>D\u00e9nomination sociale: EBADER WE TRANSFORM THE WOOD S.L.<\/li>\n<li>CIF: B65434615<\/li>\n<li>Adresse: C\/Torrent d\u2019en Baiell n\u00ba9. 08181 Sentmenat (Barcelona)<\/li>\n<li>T\u00e9l\u00e9phone: 937 135 201<\/li>\n<li>Fax: 937 130 073<\/li>\n<li>Contact Email : info@ebader.com<\/li>\n<li>Inscription: inscription au registre du commerce de Barcelone Volume 42192, Folio 0179, feuille n\u00ba403450 CIF. B65434615<\/li>\n<\/ul>\n<p><span style=\"text-decoration: underline;\"><strong>Propri\u00e9t\u00e9 industrielle<\/strong><\/span><\/p>\n<p>Tous les droits de propri\u00e9t\u00e9 intellectuelle de tous les \u00e9l\u00e9ments contenus dans ce site Web, y compris les marques, les formats, les dessins et les images qui composent le mod\u00e8le de ce site appartiennent \u00e0 EBADER\u00a0 WE TRANSFORM THE WOOD, S.L.<\/p>\n<p>De m\u00eame, les images, documents, textes et autres fichiers que le propri\u00e9taire de ce site peuvent inclure cette page pour configurer l&rsquo;activit\u00e9 r\u00e9alis\u00e9e appartiennent \u00e0 EBADER WE TRANSFORM THE WOOD, S.L.<\/p>\n<p>Dans les deux cas, ils sont prot\u00e9g\u00e9s par les lois Espagnoles et internationales sur la propri\u00e9t\u00e9 intellectuelle. La reproduction totale ou partielle de ce site et de son contenu sans l&rsquo;autorisation \u00e9crite expresse des porteurs susmentionn\u00e9s est express\u00e9ment interdite. L&rsquo;acc\u00e8s au site Web ne signifie pas une renonciation, le transfert, la licence ou la cession de ces droits par eux, sauf mention contraire expresse.<\/p>\n<p><span style=\"text-decoration: underline;\"><strong>Condition d&rsquo;utilisation<\/strong><\/span><\/p>\n<p>L&rsquo;acc\u00e8s \u00e0 ce site Web implique l&rsquo;acceptation de ces conditions d&rsquo;utilisation sans r\u00e9serve qui r\u00e9gulent l&rsquo;acc\u00e8s et l&rsquo;utilisation de celui-ci dans le but de mettre \u00e0 la disposition des utilisateurs des informations sur les produits et services que nous offrons.<\/p>\n<p>l&rsquo;utilisation du contenu de ce site \u00e0 des fins commerciales ou de distribution, le traitement ou la communication est express\u00e9ment interdite.<\/p>\n<p>EBADER WE TRANSFORM THE WOOD, \u00a0S.L. pas responsable des cons\u00e9quences ou des dommages qui pourraient r\u00e9sulter de cette utilisation ou de l&rsquo;utilisation de l&rsquo;information.<\/p>\n<p>Aussi bien l&rsquo;acc\u00e8s \u00e0 ce site et l&rsquo;utilisation de l&rsquo;information contenue dans celui-ci est la seule responsabilit\u00e9 de l&rsquo;utilisateur.<\/p>\n<p>L&rsquo;utilisateur accepte de ne pas utiliser les informations publi\u00e9es sur ce site pour les effets ill\u00e9gaux ou nuisibles, de ne pas endommager ou d\u00e9sactiver l&rsquo;information et de ne pas prendre toute autre action qui pourrait \u00eatre contraire au contenu du pr\u00e9sent avis l\u00e9gal.<\/p>\n<p>Le titulaire de ce site ne peut assurer aucune interruption ou erreur dans l&rsquo;acc\u00e8s \u00e0 ce site Web, mais fera ses meilleurs efforts pour les \u00e9viter.<\/p>\n<p><strong><u>Cookies<\/u><\/strong><\/p>\n<p>Ce site peut utiliser des cookies. Les cookies sont de petites quantit\u00e9s d&rsquo;informations qui sont stock\u00e9es dans le navigateur utilis\u00e9 par chaque utilisateur pour le serveur de se rappeler certaines informations qui peuvent ensuite \u00eatre utilis\u00e9s: les statistiques d&rsquo;acc\u00e8s, nombre de visites, la derni\u00e8re visite, les pages visit\u00e9es, URL, domaine d&rsquo;origine, explorateur utilis\u00e9, etc.<\/p>\n<p>Toutefois, les utilisateurs qui ne souhaitent pas recevoir de cookies, ou veulent les \u00e9liminer veulent \u00eatre inform\u00e9s avant qu&rsquo;ils ne soient stock\u00e9s sur votre ordinateur, vous pouvez d\u00e9sactiver ou supprimer les cookies en configurant votre navigateur Internet.<\/p>\n<p><span style=\"text-decoration: underline;\"><strong>Liens vers d&rsquo;autres sites internet<\/strong><\/span><\/p>\n<p>Les liens (links) qui peuvent \u00eatre trouv\u00e9s sur le Web est un service pour les utilisateurs. Ces pages ne sont pas exploit\u00e9s ou contr\u00f4l\u00e9s par le propri\u00e9taire de ce site, donc EBADER WE TRANSFORM THE WOOD, S.L. n\u2019 est pas responsable du contenu de ces sites Web ou sont couverts par le pr\u00e9sent avis juridique. Si vous acc\u00e9dez \u00e0 ces sites, vous devez \u00eatre conscients que leurs politiques de confidentialit\u00e9 peuvent diff\u00e9rer des n\u00f4tres.<\/p>\n<p><span style=\"text-decoration: underline;\"><strong>La modification de ces conditions et la dur\u00e9e<\/strong><\/span><\/p>\n<p>Le propri\u00e9taire de ce site peut changer \u00e0 tout moment les conditions sp\u00e9cifi\u00e9es ici, d\u00fbment diffus\u00e9s ici, par leurs propres crit\u00e8res, ou motiv\u00e9s par des changements dans la loi applicable. La validit\u00e9 de ces conditions sont applicables jusqu&rsquo;\u00e0 ce qu&rsquo;ils soient modifi\u00e9s par d&rsquo;autres d\u00fbment publi\u00e9s.<\/p>\n<p><span style=\"text-decoration: underline;\"><strong>Droit et Juridiction<\/strong><\/span><\/p>\n<p>La loi applicable au contenu du site sera l&rsquo;espagnol et la comp\u00e9tence correspondant aux Cours et Tribunaux en Espagne.<\/p>\n<\/div><div class=\"fusion-clearfix\"><\/div><\/div><\/div><\/div><\/div>\n","protected":false},"excerpt":{"rendered":"","protected":false},"author":1,"featured_media":0,"parent":0,"menu_order":0,"comment_status":"closed","ping_status":"closed","template":"","meta":{"footnotes":""},"class_list":["post-2548","page","type-page","status-publish","hentry"],"yoast_head":"<!-- This site is optimized with the Yoast SEO plugin v27.4 - https:\/\/yoast.com\/product\/yoast-seo-wordpress\/ -->\n<title>AVIS JURIDIQUE - EBADER. COMERCIAL FURNITURE MANUFACTURER<\/title>\n<meta name=\"robots\" content=\"index, follow, max-snippet:-1, max-image-preview:large, max-video-preview:-1\" \/>\n<link rel=\"canonical\" href=\"https:\/\/ebader.com\/fr\/avis-juridique\/\" \/>\n<meta property=\"og:locale\" content=\"fr_FR\" \/>\n<meta property=\"og:type\" content=\"article\" \/>\n<meta property=\"og:title\" content=\"AVIS JURIDIQUE - EBADER. COMERCIAL FURNITURE MANUFACTURER\" \/>\n<meta property=\"og:url\" content=\"https:\/\/ebader.com\/fr\/avis-juridique\/\" \/>\n<meta property=\"og:site_name\" content=\"EBADER. COMERCIAL FURNITURE MANUFACTURER\" \/>\n<meta property=\"article:modified_time\" content=\"2024-02-15T10:29:07+00:00\" \/>\n<meta name=\"twitter:card\" content=\"summary_large_image\" \/>\n<meta name=\"twitter:label1\" content=\"Dur\u00e9e de lecture estim\u00e9e\" \/>\n\t<meta name=\"twitter:data1\" content=\"4 minutes\" \/>\n<script type=\"application\/ld+json\" class=\"yoast-schema-graph\">{\"@context\":\"https:\\\/\\\/schema.org\",\"@graph\":[{\"@type\":\"WebPage\",\"@id\":\"https:\\\/\\\/ebader.com\\\/fr\\\/avis-juridique\\\/\",\"url\":\"https:\\\/\\\/ebader.com\\\/fr\\\/avis-juridique\\\/\",\"name\":\"AVIS JURIDIQUE - EBADER. COMERCIAL FURNITURE MANUFACTURER\",\"isPartOf\":{\"@id\":\"https:\\\/\\\/ebader.com\\\/fr\\\/#website\"},\"datePublished\":\"2016-03-14T12:13:59+00:00\",\"dateModified\":\"2024-02-15T10:29:07+00:00\",\"breadcrumb\":{\"@id\":\"https:\\\/\\\/ebader.com\\\/fr\\\/avis-juridique\\\/#breadcrumb\"},\"inLanguage\":\"fr-FR\",\"potentialAction\":[{\"@type\":\"ReadAction\",\"target\":[\"https:\\\/\\\/ebader.com\\\/fr\\\/avis-juridique\\\/\"]}]},{\"@type\":\"BreadcrumbList\",\"@id\":\"https:\\\/\\\/ebader.com\\\/fr\\\/avis-juridique\\\/#breadcrumb\",\"itemListElement\":[{\"@type\":\"ListItem\",\"position\":1,\"name\":\"Portada\",\"item\":\"https:\\\/\\\/ebader.com\\\/fr\\\/\"},{\"@type\":\"ListItem\",\"position\":2,\"name\":\"AVIS JURIDIQUE\"}]},{\"@type\":\"WebSite\",\"@id\":\"https:\\\/\\\/ebader.com\\\/fr\\\/#website\",\"url\":\"https:\\\/\\\/ebader.com\\\/fr\\\/\",\"name\":\"EBADER. COMERCIAL FURNITURE MANUFACTURER\",\"description\":\"Furniture design and manufacturing for Travel retail, Display cases, POS displays, promotional spaces, furniture export and installation throughout Europe.\",\"potentialAction\":[{\"@type\":\"SearchAction\",\"target\":{\"@type\":\"EntryPoint\",\"urlTemplate\":\"https:\\\/\\\/ebader.com\\\/fr\\\/?s={search_term_string}\"},\"query-input\":{\"@type\":\"PropertyValueSpecification\",\"valueRequired\":true,\"valueName\":\"search_term_string\"}}],\"inLanguage\":\"fr-FR\"}]}<\/script>\n<!-- \/ Yoast SEO plugin. -->","yoast_head_json":{"title":"AVIS JURIDIQUE - EBADER. COMERCIAL FURNITURE MANUFACTURER","robots":{"index":"index","follow":"follow","max-snippet":"max-snippet:-1","max-image-preview":"max-image-preview:large","max-video-preview":"max-video-preview:-1"},"canonical":"https:\/\/ebader.com\/fr\/avis-juridique\/","og_locale":"fr_FR","og_type":"article","og_title":"AVIS JURIDIQUE - EBADER. COMERCIAL FURNITURE MANUFACTURER","og_url":"https:\/\/ebader.com\/fr\/avis-juridique\/","og_site_name":"EBADER. COMERCIAL FURNITURE MANUFACTURER","article_modified_time":"2024-02-15T10:29:07+00:00","twitter_card":"summary_large_image","twitter_misc":{"Dur\u00e9e de lecture estim\u00e9e":"4 minutes"},"schema":{"@context":"https:\/\/schema.org","@graph":[{"@type":"WebPage","@id":"https:\/\/ebader.com\/fr\/avis-juridique\/","url":"https:\/\/ebader.com\/fr\/avis-juridique\/","name":"AVIS JURIDIQUE - EBADER. COMERCIAL FURNITURE MANUFACTURER","isPartOf":{"@id":"https:\/\/ebader.com\/fr\/#website"},"datePublished":"2016-03-14T12:13:59+00:00","dateModified":"2024-02-15T10:29:07+00:00","breadcrumb":{"@id":"https:\/\/ebader.com\/fr\/avis-juridique\/#breadcrumb"},"inLanguage":"fr-FR","potentialAction":[{"@type":"ReadAction","target":["https:\/\/ebader.com\/fr\/avis-juridique\/"]}]},{"@type":"BreadcrumbList","@id":"https:\/\/ebader.com\/fr\/avis-juridique\/#breadcrumb","itemListElement":[{"@type":"ListItem","position":1,"name":"Portada","item":"https:\/\/ebader.com\/fr\/"},{"@type":"ListItem","position":2,"name":"AVIS JURIDIQUE"}]},{"@type":"WebSite","@id":"https:\/\/ebader.com\/fr\/#website","url":"https:\/\/ebader.com\/fr\/","name":"EBADER. COMERCIAL FURNITURE MANUFACTURER","description":"Furniture design and manufacturing for Travel retail, Display cases, POS displays, promotional spaces, furniture export and installation throughout Europe.","potentialAction":[{"@type":"SearchAction","target":{"@type":"EntryPoint","urlTemplate":"https:\/\/ebader.com\/fr\/?s={search_term_string}"},"query-input":{"@type":"PropertyValueSpecification","valueRequired":true,"valueName":"search_term_string"}}],"inLanguage":"fr-FR"}]}},"_links":{"self":[{"href":"https:\/\/ebader.com\/fr\/wp-json\/wp\/v2\/pages\/2548","targetHints":{"allow":["GET"]}}],"collection":[{"href":"https:\/\/ebader.com\/fr\/wp-json\/wp\/v2\/pages"}],"about":[{"href":"https:\/\/ebader.com\/fr\/wp-json\/wp\/v2\/types\/page"}],"author":[{"embeddable":true,"href":"https:\/\/ebader.com\/fr\/wp-json\/wp\/v2\/users\/1"}],"replies":[{"embeddable":true,"href":"https:\/\/ebader.com\/fr\/wp-json\/wp\/v2\/comments?post=2548"}],"version-history":[{"count":9,"href":"https:\/\/ebader.com\/fr\/wp-json\/wp\/v2\/pages\/2548\/revisions"}],"predecessor-version":[{"id":9063,"href":"https:\/\/ebader.com\/fr\/wp-json\/wp\/v2\/pages\/2548\/revisions\/9063"}],"wp:attachment":[{"href":"https:\/\/ebader.com\/fr\/wp-json\/wp\/v2\/media?parent=2548"}],"curies":[{"name":"wp","href":"https:\/\/api.w.org\/{rel}","templated":true}]}}

<div class="fusion-fullwidth fullwidth-box fusion-builder-row-1 nonhundred-percent-fullwidth non-hundred-percent-height-scrolling" style="--awb-background-position:left top;--awb-border-sizes-top:0px;--awb-border-sizes-bottom:0px;--awb-border-sizes-left:0px;--awb-border-sizes-right:0px;--awb-border-radius-top-left:0px;--awb-border-radius-top-right:0px;--awb-border-radius-bottom-right:0px;--awb-border-radius-bottom-left:0px;--awb-padding-top:20px;--awb-padding-bottom:20px;--awb-flex-wrap:wrap;" ><div class="fusion-builder-row fusion-row"><div class="fusion-layout-column fusion_builder_column fusion-builder-column-0 fusion_builder_column_1_1 1_1 fusion-one-full fusion-column-first fusion-column-last fusion-column-no-min-height" style="--awb-bg-size:cover;--awb-margin-bottom:0px;"><div class="fusion-column-wrapper fusion-flex-column-wrapper-legacy"><div class="fusion-title title fusion-title-1 sep-underline sep-solid fusion-title-text fusion-title-size-one"><h1 class="fusion-title-heading title-heading-left fusion-responsive-typography-calculated" style="margin:0;--fontSize:24;line-height:1.17;">AVIS JURIDIQUE</h1></div><div class="fusion-text fusion-text-1" style="--awb-text-transform:none;"><p><span style="text-decoration: underline;"><strong>objet social EBADER WE TRANSFORM THE WOOD, SL</strong></span></p>
<p>EBADER  WE TRANSFORM THE WOOD , S.L. est une organisation dont le but est la fabrication, l&rsquo;assemblage et l&rsquo;installation de mobilier.</p>
<p><strong><u>Identification</u></strong></p>
<p>En conformité avec les obligations de déclaration prévues à l&rsquo;article 10 de la loi 34/2002 du 11 Juillet, la Société des services d&rsquo;information et le commerce éléctronique, les données décrites ici correspondent au titulaire de cette entité Web.</p>
<ul>
<li>Dénomination sociale: EBADER WE TRANSFORM THE WOOD S.L.</li>
<li>CIF: B65434615</li>
<li>Adresse: C/Torrent d’en Baiell nº9. 08181 Sentmenat (Barcelona)</li>
<li>Téléphone: 937 135 201</li>
<li>Fax: 937 130 073</li>
<li>Contact Email : info@ebader.com</li>
<li>Inscription: inscription au registre du commerce de Barcelone Volume 42192, Folio 0179, feuille nº403450 CIF. B65434615</li>
</ul>
<p><span style="text-decoration: underline;"><strong>Propriété industrielle</strong></span></p>
<p>Tous les droits de propriété intellectuelle de tous les éléments contenus dans ce site Web, y compris les marques, les formats, les dessins et les images qui composent le modèle de ce site appartiennent à EBADER  WE TRANSFORM THE WOOD, S.L.</p>
<p>De même, les images, documents, textes et autres fichiers que le propriétaire de ce site peuvent inclure cette page pour configurer l&rsquo;activité réalisée appartiennent à EBADER WE TRANSFORM THE WOOD, S.L.</p>
<p>Dans les deux cas, ils sont protégés par les lois Espagnoles et internationales sur la propriété intellectuelle. La reproduction totale ou partielle de ce site et de son contenu sans l&rsquo;autorisation écrite expresse des porteurs susmentionnés est expressément interdite. L&rsquo;accès au site Web ne signifie pas une renonciation, le transfert, la licence ou la cession de ces droits par eux, sauf mention contraire expresse.</p>
<p><span style="text-decoration: underline;"><strong>Condition d&rsquo;utilisation</strong></span></p>
<p>L&rsquo;accès à ce site Web implique l&rsquo;acceptation de ces conditions d&rsquo;utilisation sans réserve qui régulent l&rsquo;accès et l&rsquo;utilisation de celui-ci dans le but de mettre à la disposition des utilisateurs des informations sur les produits et services que nous offrons.</p>
<p>l&rsquo;utilisation du contenu de ce site à des fins commerciales ou de distribution, le traitement ou la communication est expressément interdite.</p>
<p>EBADER WE TRANSFORM THE WOOD,  S.L. pas responsable des conséquences ou des dommages qui pourraient résulter de cette utilisation ou de l&rsquo;utilisation de l&rsquo;information.</p>
<p>Aussi bien l&rsquo;accès à ce site et l&rsquo;utilisation de l&rsquo;information contenue dans celui-ci est la seule responsabilité de l&rsquo;utilisateur.</p>
<p>L&rsquo;utilisateur accepte de ne pas utiliser les informations publiées sur ce site pour les effets illégaux ou nuisibles, de ne pas endommager ou désactiver l&rsquo;information et de ne pas prendre toute autre action qui pourrait être contraire au contenu du présent avis légal.</p>
<p>Le titulaire de ce site ne peut assurer aucune interruption ou erreur dans l&rsquo;accès à ce site Web, mais fera ses meilleurs efforts pour les éviter.</p>
<p><strong><u>Cookies</u></strong></p>
<p>Ce site peut utiliser des cookies. Les cookies sont de petites quantités d&rsquo;informations qui sont stockées dans le navigateur utilisé par chaque utilisateur pour le serveur de se rappeler certaines informations qui peuvent ensuite être utilisés: les statistiques d&rsquo;accès, nombre de visites, la dernière visite, les pages visitées, URL, domaine d&rsquo;origine, explorateur utilisé, etc.</p>
<p>Toutefois, les utilisateurs qui ne souhaitent pas recevoir de cookies, ou veulent les éliminer veulent être informés avant qu&rsquo;ils ne soient stockés sur votre ordinateur, vous pouvez désactiver ou supprimer les cookies en configurant votre navigateur Internet.</p>
<p><span style="text-decoration: underline;"><strong>Liens vers d&rsquo;autres sites internet</strong></span></p>
<p>Les liens (links) qui peuvent être trouvés sur le Web est un service pour les utilisateurs. Ces pages ne sont pas exploités ou contrôlés par le propriétaire de ce site, donc EBADER WE TRANSFORM THE WOOD, S.L. n’ est pas responsable du contenu de ces sites Web ou sont couverts par le présent avis juridique. Si vous accédez à ces sites, vous devez être conscients que leurs politiques de confidentialité peuvent différer des nôtres.</p>
<p><span style="text-decoration: underline;"><strong>La modification de ces conditions et la durée</strong></span></p>
<p>Le propriétaire de ce site peut changer à tout moment les conditions spécifiées ici, dûment diffusés ici, par leurs propres critères, ou motivés par des changements dans la loi applicable. La validité de ces conditions sont applicables jusqu&rsquo;à ce qu&rsquo;ils soient modifiés par d&rsquo;autres dûment publiés.</p>
<p><span style="text-decoration: underline;"><strong>Droit et Juridiction</strong></span></p>
<p>La loi applicable au contenu du site sera l&rsquo;espagnol et la compétence correspondant aux Cours et Tribunaux en Espagne.</p>
</div><div class="fusion-clearfix"></div></div></div></div></div>

<!-- This site is optimized with the Yoast SEO plugin v27.4 - https://yoast.com/product/yoast-seo-wordpress/ -->
<title>AVIS JURIDIQUE - EBADER. COMERCIAL FURNITURE MANUFACTURER</title>
<meta name="robots" content="index, follow, max-snippet:-1, max-image-preview:large, max-video-preview:-1" />
<link rel="canonical" href="https://ebader.com/fr/avis-juridique/" />
<meta property="og:locale" content="fr_FR" />
<meta property="og:type" content="article" />
<meta property="og:title" content="AVIS JURIDIQUE - EBADER. COMERCIAL FURNITURE MANUFACTURER" />
<meta property="og:url" content="https://ebader.com/fr/avis-juridique/" />
<meta property="og:site_name" content="EBADER. COMERCIAL FURNITURE MANUFACTURER" />
<meta property="article:modified_time" content="2024-02-15T10:29:07+00:00" />
<meta name="twitter:card" content="summary_large_image" />
<meta name="twitter:label1" content="Durée de lecture estimée" />
	<meta name="twitter:data1" content="4 minutes" />
<script type="application/ld+json" class="yoast-schema-graph">{"@context":"https:\/\/schema.org","@graph":[{"@type":"WebPage","@id":"https:\/\/ebader.com\/fr\/avis-juridique\/","url":"https:\/\/ebader.com\/fr\/avis-juridique\/","name":"AVIS JURIDIQUE - EBADER. COMERCIAL FURNITURE MANUFACTURER","isPartOf":{"@id":"https:\/\/ebader.com\/fr\/#website"},"datePublished":"2016-03-14T12:13:59+00:00","dateModified":"2024-02-15T10:29:07+00:00","breadcrumb":{"@id":"https:\/\/ebader.com\/fr\/avis-juridique\/#breadcrumb"},"inLanguage":"fr-FR","potentialAction":[{"@type":"ReadAction","target":["https:\/\/ebader.com\/fr\/avis-juridique\/"]}]},{"@type":"BreadcrumbList","@id":"https:\/\/ebader.com\/fr\/avis-juridique\/#breadcrumb","itemListElement":[{"@type":"ListItem","position":1,"name":"Portada","item":"https:\/\/ebader.com\/fr\/"},{"@type":"ListItem","position":2,"name":"AVIS JURIDIQUE"}]},{"@type":"WebSite","@id":"https:\/\/ebader.com\/fr\/#website","url":"https:\/\/ebader.com\/fr\/","name":"EBADER. COMERCIAL FURNITURE MANUFACTURER","description":"Furniture design and manufacturing for Travel retail, Display cases, POS displays, promotional spaces, furniture export and installation throughout Europe.","potentialAction":[{"@type":"SearchAction","target":{"@type":"EntryPoint","urlTemplate":"https:\/\/ebader.com\/fr\/?s={search_term_string}"},"query-input":{"@type":"PropertyValueSpecification","valueRequired":true,"valueName":"search_term_string"}}],"inLanguage":"fr-FR"}]}</script>
<!-- / Yoast SEO plugin. -->
